ed by 16?
6
Calculate the remainder when 28 is divided by 21.
7
What is the remainder when 11 is divided by 4?
3
What is the remainder when 82 is divided by 46?
36
What is the remainder when 900 is divided by 51?
33
What is the remainder when 5996 is divided by 20?
16
Calculate the remainder when 836 is divided by 24.
20
Calculate the remainder when 65 is divided by 16.
1
What is the remainder when 480 is divided by 13?
12
Calculate the remainder when 59 is divided by 48.
11
What is the remainder when 415 is divided by 134?
13
What is the remainder when 33 is divided by 3?
0
What is the remainder when 230 is divided by 60?
50
What is the remainder when 81 is divided by 25?
6
What is the remainder when 433 is divided by 124?
61
Calculate the remainder when 575 is divided by 58.
53
Calculate the remainder when 115 is divided by 58.
57
Calculate the remainder when 292 is divided by 137.
18
What is the remainder when 88 is divided by 30?
28
Calculate the remainder when 113 is divided by 28.
1
What is the remainder when 157 is divided by 27?
22
What is the remainder when 1343 is divided by 331?
19
What is the remainder when 10835 is divided by 301?
300
What is the remainder when 82 is divided by 21?
19
Calculate the remainder when 164 is divided by 57.
50
What is the remainder when 1542 is divided by 128?
6
Calculate the remainder when 78 is divided by 23.
9
Calculate the remainder when 125 is divided by 18.
17
What is the remainder when 1034 is divided by 208?
202
Calculate the remainder when 501 is divided by 8.
5
What is the remainder when 1797 is divided by 72?
69
What is the remainder when 12270 is divided by 59?
57
What is the remainder when 845 is divided by 93?
8
Calculate the remainder when 10461 is divided by 14.
3
Calculate the remainder when 213 is divided by 55.
48
Calculate the remainder when 12010 is divided by 28.
26
Calculate the remainder when 17343 is divided by 53.
12
What is the remainder when 198 is divided by 179?
19
What is the remainder when 133 is divided by 5?
3
What is the remainder when 294 is divided by 101?
92
What is the remainder when 37 is divided by 12?
1
Calculate the remainder when 124 is divided by 57.
10
What is the remainder when 10894 is divided by 6?
4
What is the remainder when 109 is divided by 30?
19
Calculate the remainder when 235 is divided by 90.
55
What is the remainder when 181 is divided by 47?
40
What is the remainder when 92 is divided by 55?
37
What is the remainder when 730 is divided by 24?
10
What is the remainder when 12 is divided by 12?
0
Calculate the remainder when 3840 is divided by 78.
18
What is the remainder when 2005 is divided by 336?
325
Calculate the remainder when 2748 is divided by 269.
58
What is the remainder when 265 is divided by 102?
61
Calculate the remainder when 123 is divided by 72.
51
Calculate the remainder when 169 is divided by 44.
37
What is the remainder when 100 is divided by 73?
27
What is the remainder when 29 is divided by 6?
5
What is the remainder when 827 is divided by 166?
163
Calculate the remainder when 176 is divided by 60.
56
Calculate the remainder when 2584 is divided by 103.
9
What is the remainder when 1709 is divided by 174?
143
What is the remainder when 5757 is divided by 96?
93
Calculate the remainder when 327 is divided by 66.
63
Calculate the remainder when 506 is divided by 103.
94
Calculate the remainder when 992 is divided by 12.
8
Calculate the remainder when 2452 is divided by 5.
2
Calculate the remainder when 375 is divided by 42.
39
Calculate the remainder when 595 is divided by 62.
37
Calculate the remainder when 208 is divided by 14.
12
Calculate the remainder when 590 is divided by 11.
7
Calculate the remainder when 1357 is divided by 85.
82
What is the remainder when 548 is divided by 55?
53
Calculate the remainder when 1102 is divided by 65.
62
What is the remainder when 134 is divided by 61?
12
Calculate the remainder when 692 is divided by 27.
17
Calculate the remainder when 1045 is divided by 281.
202
What is the remainder when 202 is divided by 34?
32
Calculate the remainder when 115 is divided by 31.
22
What is the remainder when 1454 is divided by 163?
150
Calculate the remainder when 575 is divided by 18.
17
Calculate the remainder when 699 is divided by 144.
123
What is the remainder when 17656 is divided by 109?
107
What is the remainder when 413 is divided by 105?
98
Calculate the remainder when 208 is divided by 15.
13
What is the remainder when 57 is divided by 26?
5
Calculate the remainder when 202 is divided by 7.
6
What is the remainder when 3132 is divided by 27?
0
Calculate the remainder when 607 is divided by 89.
73
What is the remainder when 19255 is divided by 131?
129
What is the remainder when 25 is divided by 20?
5
Calculate the remainder when 1479 is divided by 33.
27
What is the remainder when 169 is divided by 37?
21
What is the remainder when 193 is divided by 31?
7
What is the remainder when 124 is divided by 25?
24
What is the remainder when 669 is divided by 327?
15
What is the remainder when 1430 is divided by 229?
56
What is the remainder when 221 is divided by 45?
41
Calculate the remainder when 143 is divided by 29.
27
What is the remainder when 156 is divided by 27?
21
Calculate the remainder when 295 is divided by 289.
6
What is the remainder when 12284 is divided by 65?
64
What is the remainder when 614 is divided by 107?
79
What is the remainder when 194 is divided by 13?
12
What is the remainder when 1242 is divided by 83?
80
Calculate the remainder when 7473 is divided by 23.
21
What is the remainder when 816 is divided by 63?
60
Calculate the remainder when 16 is divided by 16.
0
Calculate the remainder when 316 is divided by 53.
51
What is the remainder when 160 is divided by 45?
25
Calculate the remainder when 982 is divided by 136.
30
What is the remainder when 461 is divided by 144?
29
What is the remainder when 41 is divided by 24?
17
What is the remainder when 89 is divided by 38?
13
What is the remainder when 458 is divided by 218?
22
What is the remainder when 17 is divided by 11?
6
Calculate the remainder when 58 is divided by 56.
2
What is the remainder when 3691 is divided by 285?
271
What is the remainder when 457 is divided by 77?
72
Calculate the remainder when 1202 is divided by 163.
61
What is the remainder when 51069 is divided by 114?
111
Calculate the remainder when 111 is divided by 57.
54
What is the remainder when 263 is divided by 42?
11
What is the remainder when 286 is divided by 18?
16
Calculate the remainder when 55775 is divided by 112.
111
What is the remainder when 329 is divided by 45?
14
What is the remainder when 10137 is divided by 11?
6
Calculate the remainder when 9636 is divided by 158.
156
Calculate the remainder when 781 is divided by 56.
53
What is the remainder when 69 is divided by 13?
4
Calculate the remainder when 141 is divided by 24.
21
What is the remainder when 453 is divided by 157?
139
Calculate the remainder when 263 is divided by 22.
21
What is the remainder when 83 is divided by 11?
6
What is the remainder when 30 is divided by 1?
0
What is the remainder when 273 is divided by 36?
21
What is the remainder when 356 is divided by 9?
5
Calculate the remainder when 28 is divided by 11.
6
Calculate the remainder when 251 is divided by 3.
2
What is the remainder when 106 is divided by 52?
2
What is the remainder when 60 is divided by 21?
18
Calculate the remainder when 450 is divided by 59.
37
What is the remainder when 18 is divided by 3?
0
Calculate the remainder when 835 is divided by 42.
37
What is the remainder when 114 is divided by 13?
10
What is the remainder when 245 is divided by 33?
14
What is the remainder when 3297 is divided by 97?
96
Calculate the remainder when 391 is divided by 37.
21
Calculate the remainder when 389 is divided by 30.
29
Calculate the remainder when 83 is divided by 18.
11
Calculate the remainder when 147 is divided by 98.
49
Calculate the remainder when 1259 is divided by 249.
14
Calculate the remainder when 398 is divided by 183.
32
Calculate the remainder when 3895 is divided by 13.
8
What is the remainder when 69 is divided by 36?
33
What is the remainder when 2410 is divided by 791?
37
Calculate the